{"id":2810,"date":"2020-04-15T08:19:15","date_gmt":"2020-04-15T06:19:15","guid":{"rendered":"https:\/\/firetraite.ch\/wordpress\/?page_id=2810"},"modified":"2020-06-18T15:51:19","modified_gmt":"2020-06-18T13:51:19","slug":"sauvegarder-un-article","status":"publish","type":"page","link":"https:\/\/firetraite.ch\/wordpress\/?page_id=2810","title":{"rendered":"Sauvegarder un article"},"content":{"rendered":"<p><span style=\"font-size: 14pt;\"><strong>Sauvegarder ou imprimer un article d&rsquo;<em><span style=\"font-family: trebuchet ms, geneva, sans-serif;\">Amical Info<\/span><\/em><\/strong><\/span><\/p>\n<p>Tous nos articles publi\u00e9s dans Amical Info sont en format PDF, il est possible de les sauvegarder ainsi que de les imprimer.<br \/>\n<em>Le logiciel gratuit Adobe Reader (version 9 ou plus) est n\u00e9cessaire pour afficher ou imprimer nos documents PDF. S&rsquo;il n&rsquo;est pas d\u00e9j\u00e0 install\u00e9 sur votre PC, vous pouvez l&rsquo;installer gratuitement \u00e0 partir du lien <a title=\"T\u00e9l\u00e9charger er installer Adobe Reader\" href=\"http:\/\/get.adobe.com\/fr\/reader\/\" target=\"_blank\" rel=\"noopener noreferrer\">http:\/\/get.adobe.com\/fr\/reader\/\u00a0 <\/a><strong><br \/>\nAttention :<\/strong> avant de le t\u00e9l\u00e9charger, d\u00e9cochez l&rsquo;offre facultative pour \u00e9viter toute installation d&rsquo;une autre logiciel<\/em><\/p>\n<p>Apr\u00e8s avoir sauvegard\u00e9 le document, utilisez Acrobat Reader pour le visualiser et\/ou l&rsquo;imprimer. Voir la proc\u00e9dure d\u00e9crite dans les 3 images suivantes pour enregistrer le document\u00a0 :<\/p>\n<p><a href=\"https:\/\/firetraite.ch\/wordpress\/wp-content\/uploads\/2020\/04\/20200425-Enregistrer-un-article.jpg\"><img loading=\"lazy\" decoding=\"async\" class=\"aligncenter size-full wp-image-2871\" src=\"https:\/\/firetraite.ch\/wordpress\/wp-content\/uploads\/2020\/04\/20200425-Enregistrer-un-article.jpg\" alt=\"\" width=\"870\" height=\"1786\" srcset=\"https:\/\/firetraite.ch\/wordpress\/wp-content\/uploads\/2020\/04\/20200425-Enregistrer-un-article.jpg 870w, https:\/\/firetraite.ch\/wordpress\/wp-content\/uploads\/2020\/04\/20200425-Enregistrer-un-article-146x300.jpg 146w, https:\/\/firetraite.ch\/wordpress\/wp-content\/uploads\/2020\/04\/20200425-Enregistrer-un-article-499x1024.jpg 499w, https:\/\/firetraite.ch\/wordpress\/wp-content\/uploads\/2020\/04\/20200425-Enregistrer-un-article-768x1577.jpg 768w, https:\/\/firetraite.ch\/wordpress\/wp-content\/uploads\/2020\/04\/20200425-Enregistrer-un-article-748x1536.jpg 748w\" sizes=\"auto, (max-width: 870px) 100vw, 870px\" \/><\/a><\/p>\n<p>&nbsp;<\/p>\n<p>&nbsp;<\/p>\n<p>&nbsp;<\/p>\n<p>&nbsp;<\/p>\n<p>&nbsp;<\/p>\n<p>&nbsp;<\/p>\n<p>&nbsp;<\/p>\n<p>&nbsp;<\/p>\n<p>&nbsp;<\/p>\n<p>&nbsp;<\/p>\n<p>&nbsp;<\/p>\n<p>&nbsp;<\/p>\n<p>&nbsp;<\/p>\n<p>&nbsp;<\/p>\n<p>&nbsp;<\/p>\n<p>&nbsp;<\/p>\n<p>&nbsp;<\/p>\n<p>&nbsp;<\/p>\n<p>&nbsp;<\/p>\n<p>&nbsp;<\/p>\n<p>&nbsp;<\/p>\n<p>&nbsp;<\/p>\n","protected":false},"excerpt":{"rendered":"<p>Sauvegarder ou imprimer un article d&rsquo;Amical Info Tous nos articles publi\u00e9s dans Amical Info sont en format PDF, il est possible de les sauvegarder ainsi que de les imprimer. Le logiciel gratuit Adobe Reader (version 9 ou plus) est n\u00e9cessaire &hellip; <a href=\"https:\/\/firetraite.ch\/wordpress\/?page_id=2810\">Continuer la lecture <span class=\"meta-nav\">&rarr;<\/span><\/a><\/p>\n","protected":false},"author":1,"featured_media":0,"parent":97,"menu_order":0,"comment_status":"closed","ping_status":"closed","template":"showcase.php","meta":{"footnotes":""},"class_list":["post-2810","page","type-page","status-publish","hentry"],"_links":{"self":[{"href":"https:\/\/firetraite.ch\/wordpress\/index.php?rest_route=\/wp\/v2\/pages\/2810","targetHints":{"allow":["GET"]}}],"collection":[{"href":"https:\/\/firetraite.ch\/wordpress\/index.php?rest_route=\/wp\/v2\/pages"}],"about":[{"href":"https:\/\/firetraite.ch\/wordpress\/index.php?rest_route=\/wp\/v2\/types\/page"}],"author":[{"embeddable":true,"href":"https:\/\/firetraite.ch\/wordpress\/index.php?rest_route=\/wp\/v2\/users\/1"}],"replies":[{"embeddable":true,"href":"https:\/\/firetraite.ch\/wordpress\/index.php?rest_route=%2Fwp%2Fv2%2Fcomments&post=2810"}],"version-history":[{"count":13,"href":"https:\/\/firetraite.ch\/wordpress\/index.php?rest_route=\/wp\/v2\/pages\/2810\/revisions"}],"predecessor-version":[{"id":2946,"href":"https:\/\/firetraite.ch\/wordpress\/index.php?rest_route=\/wp\/v2\/pages\/2810\/revisions\/2946"}],"up":[{"embeddable":true,"href":"https:\/\/firetraite.ch\/wordpress\/index.php?rest_route=\/wp\/v2\/pages\/97"}],"wp:attachment":[{"href":"https:\/\/firetraite.ch\/wordpress\/index.php?rest_route=%2Fwp%2Fv2%2Fmedia&parent=2810"}],"curies":[{"name":"wp","href":"https:\/\/api.w.org\/{rel}","templated":true}]}}