{"id":3374,"date":"2022-03-11T15:05:08","date_gmt":"2022-03-11T14:05:08","guid":{"rendered":"https:\/\/firetraite.ch\/wordpress\/?page_id=3374"},"modified":"2022-03-11T15:07:11","modified_gmt":"2022-03-11T14:07:11","slug":"2021-2","status":"publish","type":"page","link":"https:\/\/firetraite.ch\/wordpress\/?page_id=3374","title":{"rendered":"Editions 2021"},"content":{"rendered":"<p>&nbsp;<\/p>\n<p><strong>Edition N\u00b0 144 d\u00e9cembre 2021<\/strong><br \/>\n<a href=\"https:\/\/firetraite.ch\/amicale_info\/2021\/144 Le billet du Pr\u00e9sident.pdf\" target=\"_blank\" rel=\"noopener noreferrer\">Le billet du Pr\u00e9sident<\/a> \u2013 <em>Charles Golay<\/em><br \/>\n<a href=\"https:\/\/firetraite.ch\/amicale_info\/2021\/144 Choucroute.pdf\" target=\"_blank\" rel=\"noopener noreferrer\">Choucroute du 18 novembre<\/a> \u2013 <em>Ghislaine Geiser<\/em><br \/>\n<a href=\"https:\/\/firetraite.ch\/amicale_info\/2021\/144 Zouzouteries macabres.pdf\" target=\"_blank\" rel=\"noopener noreferrer\">Les Zouzouteries carougeoise joyeusement macabres<\/a> \u00a0\u2013 <em>Vincent Zumwald<\/em><br \/>\n<a href=\"https:\/\/firetraite.ch\/amicale_info\/2021\/144 Frutigen.pdf\" target=\"_blank\" rel=\"noopener noreferrer\">Sortie \u00e0 Frutigen<\/a> &#8211; <em>Patrice Deladoey et Letizia Rocci<\/em><br \/>\n<a href=\"https:\/\/firetraite.ch\/amicale_info\/2021\/144 Lausanne.pdf\" target=\"_blank\" rel=\"noopener noreferrer\">Lausanne<\/a> \u2013 <em>Claude Maury<\/em><br \/>\n<a href=\"https:\/\/firetraite.ch\/amicale_info\/2021\/144 Energie grise.pdf\" target=\"_blank\" rel=\"noopener noreferrer\">Energie grise<\/a> &#8211; <em>Pierre Cormon, journaliste<\/em><br \/>\n<a href=\"https:\/\/firetraite.ch\/amicale_info\/2021\/144 biodiversit\u00e9 au Cameroun.pdf\" target=\"_blank\" rel=\"noopener noreferrer\">La biodiversit\u00e9 d\u2019un village oubli\u00e9<\/a> \u2013 <em>La Tribune de Gen\u00e8ve<\/em><br \/>\n<a href=\"https:\/\/firetraite.ch\/amicale_info\/2021\/144 Nouvelles membres.pdf\" target=\"_blank\" rel=\"noopener noreferrer\">Nouvelles des Membres<\/a> \u00a0\u2013 <em>Serge Barbey, Claude Maury et Alain Tagand<br \/>\n<\/em><a href=\"https:\/\/firetraite.ch\/amicale_info\/2021\/144 Amical Info.pdf\" target=\"_blank\" rel=\"noopener noreferrer\">Le bulletin N\u00b0 144<\/a> <em>. Pour l&rsquo;impression &#8211; <a href=\"https:\/\/firetraite.ch\/wordpress\/?page_id=2810\" target=\"_blank\" rel=\"noopener noreferrer\">Comment imprimer<\/a> un article ou le journal au complet<br \/>\n<\/em><\/p>\n<p><strong>Edition N\u00b0 143 septembre 2021<\/strong><br \/>\n<a href=\"https:\/\/firetraite.ch\/amicale_info\/2021\/143 Zouzouteries 1.pdf\" target=\"_blank\" rel=\"noopener noreferrer\">Les Zouzouteries en langue fran\u00e7aise<\/a> \u2013 <em>Vincent Zumwald<\/em><br \/>\n<a href=\"https:\/\/firetraite.ch\/amicale_info\/2021\/143 Zouzouteries 2.pdf\" target=\"_blank\" rel=\"noopener noreferrer\">Les Zouzouteries se corsent<\/a> \u2013 <em>Vincent Zumwald<\/em><br \/>\n<a href=\"https:\/\/firetraite.ch\/amicale_info\/2021\/143 Mongolie.pdf\" target=\"_blank\" rel=\"noopener noreferrer\">La retraite n\u2019emp\u00eache pas l\u2019aventure<\/a> \u00a0\u2013 <em>Claude Maury<\/em><br \/>\n<a href=\"https:\/\/firetraite.ch\/amicale_info\/2021\/143 La haute route du sel.pdf\" target=\"_blank\" rel=\"noopener noreferrer\">La haute route du sel<\/a> \u2013 <em>Claude Mauy<\/em><br \/>\n<a href=\"https:\/\/firetraite.ch\/amicale_info\/2021\/143 Nouvelles membres.pdf\" target=\"_blank\" rel=\"noopener noreferrer\">Nouvelles des Membres<\/a> \u00a0\u2013 <em>Serge Barbey, Claude Maury et Alain Tagand<\/em><br \/>\n<a href=\"https:\/\/firetraite.ch\/amicale_info\/2021\/143 dunes.mp3\" target=\"_blank\" rel=\"noopener noreferrer\">Le chant des dunes<\/a> &#8211; <em>Musical MP3<\/em> &#8211; <em>Claude Maury<\/em><br \/>\n<a href=\"https:\/\/firetraite.ch\/amicale_info\/2021\/143 Amical Info.pdf\" target=\"_blank\" rel=\"noopener noreferrer\">Le bulletin N\u00b0 143<\/a> . <em>Pour l&rsquo;impression<\/em><em> &#8211; <a href=\"https:\/\/firetraite.ch\/wordpress\/?page_id=2810\" target=\"_blank\" rel=\"noopener noreferrer\">Comment imprimer<\/a> un article ou le journal au complet<\/em><\/p>\n<p><strong>Edition N\u00b0 142 juin 2021<\/strong><br \/>\n<a href=\"https:\/\/firetraite.ch\/amicale_info\/2021\/142 Zouzouteries.pdf\" target=\"_blank\" rel=\"noopener noreferrer\">Les Zouzouteries en panne<\/a> \u2013 <em>Vincent Zumwald<\/em><br \/>\n<a href=\"https:\/\/firetraite.ch\/amicale_info\/2021\/142 Dufour.pdf\" target=\"_blank\" rel=\"noopener noreferrer\">Guillaume Henri Dufour<\/a> \u00a0\u2013 <em>Claude Maury<\/em><br \/>\n<a href=\"https:\/\/firetraite.ch\/amicale_info\/2021\/142 Albert Einstein.pdf\" target=\"_blank\" rel=\"noopener noreferrer\">Albert Einstein<\/a> \u2013 <em>Renzo Cardini<\/em><br \/>\n<a href=\"https:\/\/firetraite.ch\/amicale_info\/2021\/142 Livres.pdf\" target=\"_blank\" rel=\"noopener noreferrer\">A propos de livres<\/a> &#8211; <em>Renzo Cardini<\/em><br \/>\n<a href=\"https:\/\/firetraite.ch\/amicale_info\/2021\/142 Les voitures electriques.pdf\" target=\"_blank\" rel=\"noopener noreferrer\">Les types de voitures \u00e9lectriques\/hybrides<\/a> \u00a0\u2013 <em>Claude Maury<\/em><br \/>\n<a href=\"https:\/\/firetraite.ch\/amicale_info\/2021\/142 Nouvelles membres.pdf\" target=\"_blank\" rel=\"noopener noreferrer\">Nouvelles des Membres<\/a> \u00a0\u2013 <em>Serge Barbey, Claude Maury et Alain Tagand<\/em><br \/>\n<a href=\"https:\/\/firetraite.ch\/amicale_info\/2021\/142 Amical Info.pdf\" target=\"_blank\" rel=\"noopener noreferrer\">Le bulletin N\u00b0 142<\/a> . <em>Pour l&rsquo;impression<\/em><em> &#8211; <a href=\"https:\/\/firetraite.ch\/wordpress\/?page_id=2810\" target=\"_blank\" rel=\"noopener noreferrer\">Comment imprimer<\/a> un article ou le journal au complet<br \/>\n<\/em><\/p>\n<p><strong>Edition N\u00b0 141 mars 2021<\/strong><br \/>\n<a href=\"https:\/\/firetraite.ch\/amicale_info\/2021\/141 Zouzouteries.pdf\" target=\"_blank\" rel=\"noopener noreferrer\">Les zouzouteries ont p\u00e9t\u00e9 les plombs<\/a> \u2013 <em>Vincent Zumwald<\/em><br \/>\n<a href=\"https:\/\/firetraite.ch\/amicale_info\/2021\/141 Les attestations.pdf\" target=\"_blank\" rel=\"noopener noreferrer\">Les attestations de d\u00e9placement<\/a> \u00a0\u2013 <em>Claude Maury<\/em><br \/>\n<a href=\"https:\/\/firetraite.ch\/amicale_info\/2021\/141 Le Saleve.pdf\" target=\"_blank\" rel=\"noopener noreferrer\">Le Sal\u00e8ve<\/a>\u00a0 \u2013 <em>Renzo Cardini<\/em><br \/>\n<a href=\"https:\/\/firetraite.ch\/amicale_info\/2021\/141 Souvenirs.pdf\" target=\"_blank\" rel=\"noopener noreferrer\">Souvenirs, souvenirs<\/a> \u00a0\u2013 <em>Claude Maury<\/em><br \/>\n<a href=\"https:\/\/firetraite.ch\/amicale_info\/2021\/141 Bilan carbone positif 2030.pdf\" target=\"_blank\" rel=\"noopener noreferrer\">Bilan carbone positif en 2030<\/a> \u2013 allnews \u2013 <em>interview Firmenich<\/em><br \/>\n<a href=\"https:\/\/firetraite.ch\/amicale_info\/2021\/141 Cotisations 2020-2021.pdf\" target=\"_blank\" rel=\"noopener noreferrer\">Les cotisations 2020-2021<\/a> \u2013 <em>Charles Golay et Fran\u00e7ois Antille<\/em><br \/>\n<a href=\"https:\/\/firetraite.ch\/amicale_info\/2021\/141 Nouvelles membres.pdf\" target=\"_blank\" rel=\"noopener noreferrer\">Nouvelles des Membres<\/a> \u00a0\u2013 <em>Alain Tagand et Serge Barbey<\/em><br \/>\n<a href=\"https:\/\/firetraite.ch\/amicale_info\/2021\/141 Amical Info.pdf\" target=\"_blank\" rel=\"noopener noreferrer\">Le bulletin N\u00b0 141<\/a> &#8211;\u00a0<em> Pour l&rsquo;impression<\/em> <em>compl\u00e8te du bulletin &#8211; <a href=\"https:\/\/firetraite.ch\/wordpress\/?page_id=2810\" target=\"_blank\" rel=\"noopener noreferrer\">Comment imprimer<\/a> un article ou le journal<\/em><\/p>\n<p>Le logiciel gratuit Adobe Reader (version 9 ou plus) est n\u00e9cessaire pour afficher ou imprimer nos documents PDF. S&rsquo;il n&rsquo;est pas d\u00e9j\u00e0 install\u00e9 sur votre PC, vous pouvez l&rsquo;installer \u00e0 partir du lien <a title=\"T\u00e9l\u00e9charger er installer Adobe Reader\" href=\"http:\/\/get.adobe.com\/fr\/reader\/\" target=\"_blank\" rel=\"noopener noreferrer\">http:\/\/get.adobe.com\/fr\/reader\/\u00a0 <\/a><strong><br \/>\nAttention :<\/strong> <em>avant de le t\u00e9l\u00e9charger, d\u00e9cochez l&rsquo;offre facultative pour \u00e9viter toute installation d&rsquo;une autre logiciel<\/em><\/p>\n","protected":false},"excerpt":{"rendered":"<p>&nbsp; Edition N\u00b0 144 d\u00e9cembre 2021 Le billet du Pr\u00e9sident \u2013 Charles Golay Choucroute du 18 novembre \u2013 Ghislaine Geiser Les Zouzouteries carougeoise joyeusement macabres \u00a0\u2013 Vincent Zumwald Sortie \u00e0 Frutigen &#8211; Patrice Deladoey et Letizia Rocci Lausanne \u2013 Claude &hellip; <a href=\"https:\/\/firetraite.ch\/wordpress\/?page_id=3374\">Continuer la lecture <span class=\"meta-nav\">&rarr;<\/span><\/a><\/p>\n","protected":false},"author":1,"featured_media":0,"parent":97,"menu_order":0,"comment_status":"closed","ping_status":"closed","template":"showcase.php","meta":{"footnotes":""},"class_list":["post-3374","page","type-page","status-publish","hentry"],"_links":{"self":[{"href":"https:\/\/firetraite.ch\/wordpress\/index.php?rest_route=\/wp\/v2\/pages\/3374","targetHints":{"allow":["GET"]}}],"collection":[{"href":"https:\/\/firetraite.ch\/wordpress\/index.php?rest_route=\/wp\/v2\/pages"}],"about":[{"href":"https:\/\/firetraite.ch\/wordpress\/index.php?rest_route=\/wp\/v2\/types\/page"}],"author":[{"embeddable":true,"href":"https:\/\/firetraite.ch\/wordpress\/index.php?rest_route=\/wp\/v2\/users\/1"}],"replies":[{"embeddable":true,"href":"https:\/\/firetraite.ch\/wordpress\/index.php?rest_route=%2Fwp%2Fv2%2Fcomments&post=3374"}],"version-history":[{"count":3,"href":"https:\/\/firetraite.ch\/wordpress\/index.php?rest_route=\/wp\/v2\/pages\/3374\/revisions"}],"predecessor-version":[{"id":3377,"href":"https:\/\/firetraite.ch\/wordpress\/index.php?rest_route=\/wp\/v2\/pages\/3374\/revisions\/3377"}],"up":[{"embeddable":true,"href":"https:\/\/firetraite.ch\/wordpress\/index.php?rest_route=\/wp\/v2\/pages\/97"}],"wp:attachment":[{"href":"https:\/\/firetraite.ch\/wordpress\/index.php?rest_route=%2Fwp%2Fv2%2Fmedia&parent=3374"}],"curies":[{"name":"wp","href":"https:\/\/api.w.org\/{rel}","templated":true}]}}